{"id":755,"date":"2020-08-19T18:14:33","date_gmt":"2020-08-19T16:14:33","guid":{"rendered":"http:\/\/www.mellocation.fr?page_id=755"},"modified":"2020-08-19T18:19:19","modified_gmt":"2020-08-19T16:19:19","slug":"mentions-legales","status":"publish","type":"page","link":"https:\/\/www.mellocation.fr\/als\/mentions-legales\/","title":{"rendered":"Mentions l\u00e9gales"},"content":{"rendered":"<div data-elementor-type=\"wp-page\" data-elementor-id=\"755\" class=\"elementor elementor-755\" data-elementor-post-type=\"page\">\n\t\t\t\t\t\t<section class=\"elementor-section elementor-top-section elementor-element elementor-element-e41a237 elementor-section-boxed elementor-section-height-default elementor-section-height-default\" data-id=\"e41a237\" data-element_type=\"section\" data-settings=\"{&quot;jet_parallax_layout_list&quot;:[{&quot;jet_parallax_layout_image&quot;:{&quot;url&quot;:&quot;&quot;,&quot;id&quot;:&quot;&quot;,&quot;size&quot;:&quot;&quot;},&quot;_id&quot;:&quot;6d14f46&quot;,&quot;jet_parallax_layout_image_tablet&quot;:{&quot;url&quot;:&quot;&quot;,&quot;id&quot;:&quot;&quot;,&quot;size&quot;:&quot;&quot;},&quot;jet_parallax_layout_image_mobile&quot;:{&quot;url&quot;:&quot;&quot;,&quot;id&quot;:&quot;&quot;,&quot;size&quot;:&quot;&quot;},&quot;jet_parallax_layout_speed&quot;:{&quot;unit&quot;:&quot;%&quot;,&quot;size&quot;:50,&quot;sizes&quot;:[]},&quot;jet_parallax_layout_type&quot;:&quot;scroll&quot;,&quot;jet_parallax_layout_direction&quot;:null,&quot;jet_parallax_layout_fx_direction&quot;:null,&quot;jet_parallax_layout_z_index&quot;:&quot;&quot;,&quot;jet_parallax_layout_bg_x&quot;:50,&quot;jet_parallax_layout_bg_y&quot;:50,&quot;jet_parallax_layout_bg_size&quot;:&quot;auto&quot;,&quot;jet_parallax_layout_animation_prop&quot;:&quot;transform&quot;,&quot;jet_parallax_layout_on&quot;:[&quot;desktop&quot;,&quot;tablet&quot;],&quot;jet_parallax_layout_bg_x_tablet&quot;:&quot;&quot;,&quot;jet_parallax_layout_bg_x_mobile&quot;:&quot;&quot;,&quot;jet_parallax_layout_bg_y_tablet&quot;:&quot;&quot;,&quot;jet_parallax_layout_bg_y_mobile&quot;:&quot;&quot;,&quot;jet_parallax_layout_bg_size_tablet&quot;:&quot;&quot;,&quot;jet_parallax_layout_bg_size_mobile&quot;:&quot;&quot;}],&quot;background_background&quot;:&quot;classic&quot;,&quot;shape_divider_bottom&quot;:&quot;triangle&quot;}\">\n\t\t\t\t\t\t\t<div class=\"elementor-background-overlay\"><\/div>\n\t\t\t\t\t\t<div class=\"elementor-shape elementor-shape-bottom\" data-negative=\"false\">\n\t\t\t<svg xmlns=\"http:\/\/www.w3.org\/2000\/svg\" viewbox=\"0 0 1000 100\" preserveaspectratio=\"none\">\n\t<path class=\"elementor-shape-fill\" d=\"M500,98.9L0,6.1V0h1000v6.1L500,98.9z\"\/>\n<\/svg>\t\t<\/div>\n\t\t\t\t\t<div class=\"elementor-container elementor-column-gap-default\">\n\t\t\t\t\t<div class=\"elementor-column elementor-col-100 elementor-top-column elementor-element elementor-element-836f340\" data-id=\"836f340\" data-element_type=\"column\">\n\t\t\t<div class=\"elementor-widget-wrap elementor-element-populated\">\n\t\t\t\t\t\t<div class=\"elementor-element elementor-element-9942e7f elementor-widget elementor-widget-jet-listing-dynamic-field\" data-id=\"9942e7f\" data-element_type=\"widget\" data-widget_type=\"jet-listing-dynamic-field.default\">\n\t\t\t\t<div class=\"elementor-widget-container\">\n\t\t\t<div class=\"jet-listing jet-listing-dynamic-field display-inline\"><div class=\"jet-listing-dynamic-field__inline-wrap\"><div class=\"jet-listing-dynamic-field__content\">Mentions l\u00e9gales<\/div><\/div><\/div>\t\t<\/div>\n\t\t\t\t<\/div>\n\t\t\t\t\t<\/div>\n\t\t<\/div>\n\t\t\t\t\t<\/div>\n\t\t<\/section>\n\t\t\t\t<section class=\"elementor-section elementor-top-section elementor-element elementor-element-b489f0c elementor-section-boxed elementor-section-height-default elementor-section-height-default\" data-id=\"b489f0c\" data-element_type=\"section\" data-settings=\"{&quot;jet_parallax_layout_list&quot;:[{&quot;jet_parallax_layout_image&quot;:{&quot;url&quot;:&quot;&quot;,&quot;id&quot;:&quot;&quot;,&quot;size&quot;:&quot;&quot;},&quot;_id&quot;:&quot;9ce2ce8&quot;,&quot;jet_parallax_layout_image_tablet&quot;:{&quot;url&quot;:&quot;&quot;,&quot;id&quot;:&quot;&quot;,&quot;size&quot;:&quot;&quot;},&quot;jet_parallax_layout_image_mobile&quot;:{&quot;url&quot;:&quot;&quot;,&quot;id&quot;:&quot;&quot;,&quot;size&quot;:&quot;&quot;},&quot;jet_parallax_layout_speed&quot;:{&quot;unit&quot;:&quot;%&quot;,&quot;size&quot;:50,&quot;sizes&quot;:[]},&quot;jet_parallax_layout_type&quot;:&quot;scroll&quot;,&quot;jet_parallax_layout_direction&quot;:null,&quot;jet_parallax_layout_fx_direction&quot;:null,&quot;jet_parallax_layout_z_index&quot;:&quot;&quot;,&quot;jet_parallax_layout_bg_x&quot;:50,&quot;jet_parallax_layout_bg_y&quot;:50,&quot;jet_parallax_layout_bg_size&quot;:&quot;auto&quot;,&quot;jet_parallax_layout_animation_prop&quot;:&quot;transform&quot;,&quot;jet_parallax_layout_on&quot;:[&quot;desktop&quot;,&quot;tablet&quot;],&quot;jet_parallax_layout_bg_x_tablet&quot;:&quot;&quot;,&quot;jet_parallax_layout_bg_x_mobile&quot;:&quot;&quot;,&quot;jet_parallax_layout_bg_y_tablet&quot;:&quot;&quot;,&quot;jet_parallax_layout_bg_y_mobile&quot;:&quot;&quot;,&quot;jet_parallax_layout_bg_size_tablet&quot;:&quot;&quot;,&quot;jet_parallax_layout_bg_size_mobile&quot;:&quot;&quot;}]}\">\n\t\t\t\t\t\t<div class=\"elementor-container elementor-column-gap-default\">\n\t\t\t\t\t<div class=\"elementor-column elementor-col-100 elementor-top-column elementor-element elementor-element-ff41e52\" data-id=\"ff41e52\" data-element_type=\"column\">\n\t\t\t<div class=\"elementor-widget-wrap elementor-element-populated\">\n\t\t\t\t\t\t<div class=\"elementor-element elementor-element-a7462d1 elementor-widget elementor-widget-text-editor\" data-id=\"a7462d1\" data-element_type=\"widget\" data-widget_type=\"text-editor.default\">\n\t\t\t\t<div class=\"elementor-widget-container\">\n\t\t\t\t\t\t\t<p><strong>PROPRI\u00c9T\u00c9 ET RESPONSABILIT\u00c9 \u00c9DITORIALE<\/strong><\/p><p><strong>MEL LOCATION<\/strong><strong><br \/>5 rue des Forgerons ZA LES CHATEAUX 67980 HANGENBIETEN<br \/>T\u00e9l\u00a0: 03 88 59 56 57<br \/><\/strong>reservation@mellocation.com<\/p><p><strong>SARL au capital 400 000 \u20ac RCS Strasbourg 533934645<\/strong><\/p><p><strong>Bertrand MAYLAENDER, g\u00e9rant et direction de la publication<\/strong><\/p><p><strong>\u00a0<\/strong><\/p><p><strong>Objet<\/strong><\/p><p>Les pr\u00e9sentes mentions l\u00e9gales ont pour objet de d\u00e9finir les modalit\u00e9s de mise \u00e0 disposition et les conditions d\u2019utilisation du site MEL LOCATION. Tout acc\u00e8s ou utilisation du site\u00a0www.mellocation.fr suppose l\u2019acceptation et le respect des pr\u00e9sentes mentions l\u00e9gales par l\u2019internaute. Dans le cas o\u00f9 l\u2019internaute ne souhaiterait pas accepter tout ou partie des pr\u00e9sentes mentions l\u00e9gales, il lui est demand\u00e9 de renoncer \u00e0 tout usage du MEL LOCATION.<\/p><p><strong>Propri\u00e9t\u00e9 intellectuelle<\/strong><\/p><p>Le site www.mellocation.fr (son contenu et sa forme) est prot\u00e9g\u00e9 par le droit en vigueur en France. La soci\u00e9t\u00e9 MEL LOCATION est titulaire exclusif de l\u2019int\u00e9gralit\u00e9 des droits de propri\u00e9t\u00e9 intellectuelle sur les contenus de son site. Cependant, les informations pr\u00e9sentes sur le site peuvent \u00eatre t\u00e9l\u00e9charg\u00e9es, reproduites, imprim\u00e9es sous r\u00e9serve de :<\/p><p>\u2013 n\u2019utiliser de telles informations qu\u2019\u00e0 des fins personnelles et en aucun cas \u00e0 des fins commerciales ;<br \/>\u2013 ne pas modifier de telles informations ;<br \/>\u2013 reproduire sur toutes copies la mention des droits d\u2019auteur (\u00ab\u00a0le copyright\u00a0\u00bb). Toute autre utilisation doit faire l\u2019objet de droit d\u2019auteur : sa reproduction ou sa diffusion, sans autorisation expresse \u00e9crite de la part de la soci\u00e9t\u00e9 MEL LOCATION constitue une contrefa\u00e7on passible de sanctions p\u00e9nales.<\/p><p><strong>Donn\u00e9es personnelles<\/strong><\/p><p>Conform\u00e9ment \u00e0 l\u2019article 34 de la loi \u00ab\u00a0Informatique et libert\u00e9s\u00a0\u00bb, tout internaute qui acc\u00e8de et utilise le site MEL LOCATION dispose d\u2019un droit d\u2019acc\u00e8s, de modification, de rectification et de suppression des donn\u00e9es qui le concerne. Pour exercer ce droit d\u2019acc\u00e8s, il doit s\u2019adresser \u00e0 reservation@mellocation.com. Pour plus d\u2019informations sur la loi \u00ab\u00a0Informatique et libert\u00e9s\u00a0\u00bb, il suffit de consulter le site Internet de la CNIL.<\/p><p><strong>Limites de responsabilit\u00e9<\/strong><\/p><p>Les informations diffus\u00e9es sur le site\u00a0www.mellocation.fr proviennent de sources r\u00e9put\u00e9es fiables. Toutefois, la soci\u00e9t\u00e9 MEL LOCATION ne peut garantir l\u2019exactitude ou la pertinence de ces donn\u00e9es. En cons\u00e9quence, l\u2019usage des informations et contenus disponibles sur l\u2019ensemble du site, ne saurait en aucun cas engager la responsabilit\u00e9 de la soci\u00e9t\u00e9 MEL LOCATION, \u00e0 quelque titre que ce soit. L\u2019internaute s\u2019engage \u00e0 ne transmettre sur ce site aucune information pouvant entra\u00eener une responsabilit\u00e9 civile ou p\u00e9nale et s\u2019engage \u00e0 ce titre \u00e0 ne pas divulguer via ce site des informations ill\u00e9gales, contraires \u00e0 l\u2019ordre public, ou diffamatoires.<\/p><p>L\u2019internaute s\u2019engage, d\u2019une mani\u00e8re g\u00e9n\u00e9rale, \u00e0 respecter l\u2019ensemble de la r\u00e9glementation en vigueur en France.<\/p><p><strong>Liens externes<\/strong><\/p><p>La soci\u00e9t\u00e9 MEL LOCATION peut proposer dans son site des liens hypertextes dirigeant vers des sites Internet \u00e9dit\u00e9s ou g\u00e9r\u00e9s par des tiers. Dans la mesure o\u00f9 aucun contr\u00f4le n\u2019est exerc\u00e9 sur ces ressources externes, l\u2019internaute reconna\u00eet que la soci\u00e9t\u00e9 MEL LOCATION n\u2019assume aucune responsabilit\u00e9 relative \u00e0 la mise \u00e0 disposition de ces ressources, et ne peut \u00eatre tenu responsable quant \u00e0 leur contenu.<\/p><p><strong>Evolution du pr\u00e9sent contrat<\/strong><\/p><p>La soci\u00e9t\u00e9 MEL LOCATION se r\u00e9serve le droit de modifier les termes, conditions et mentions du pr\u00e9sent contrat \u00e0 tout moment. Il est ainsi conseill\u00e9 \u00e0 l\u2019internaute de consulter r\u00e9guli\u00e8rement la derni\u00e8re version des mentions l\u00e9gales disponible sur le site\u00a0www.mellocation.fr<\/p><p><strong>Dur\u00e9e et r\u00e9siliation<\/strong><\/p><p>Le pr\u00e9sent contrat est conclu pour une dur\u00e9e ind\u00e9termin\u00e9e \u00e0 compter de l\u2019usage du site\u00a0www.mellocation.fr par l\u2019internaute.<\/p><p>\u00a0<\/p><p><strong>Pour toute remarque,\u00a0<\/strong><a href=\"https:\/\/www.mellocation.fr\/als\/contact\/\"><strong>merci de nous contacter<\/strong><\/a><strong>.<\/strong><\/p><p><strong>\u00a0<\/strong><\/p><p><strong>R\u00e9alisation &#8211; <\/strong><strong>SmithCorporate.fr :<br \/>www.smithcorporate.fr<br \/><br \/><\/strong><\/p><p><strong>H\u00e9bergement &#8211; OVH<br \/>Si\u00e8ge social : 2 rue Kellermann &#8211; 59100 Roubaix &#8211; France<\/strong><\/p><p>\u00a0<\/p>\t\t\t\t\t\t<\/div>\n\t\t\t\t<\/div>\n\t\t\t\t\t<\/div>\n\t\t<\/div>\n\t\t\t\t\t<\/div>\n\t\t<\/section>\n\t\t\t\t<\/div>","protected":false},"excerpt":{"rendered":"<p>Mentions l\u00e9gales PROPRI\u00c9T\u00c9 ET RESPONSABILIT\u00c9 \u00c9DITORIALE MEL LOCATION5 rue des Forgerons ZA LES CHATEAUX 67980 HANGENBIETENT\u00e9l\u00a0: 03 88 59 56 57reservation@mellocation.com SARL au capital 400 000 \u20ac RCS Strasbourg 533934645 Bertrand MAYLAENDER, g\u00e9rant et direction de la publication \u00a0 Objet Les pr\u00e9sentes mentions l\u00e9gales ont pour objet de d\u00e9finir les modalit\u00e9s de mise \u00e0 disposition [&hellip;]<\/p>","protected":false},"author":1,"featured_media":0,"parent":0,"menu_order":0,"comment_status":"closed","ping_status":"closed","template":"elementor_header_footer","meta":{"_jet_sm_ready_style":"","_jet_sm_style":"","_jet_sm_controls_values":"","_jet_sm_fonts_collection":"","_jet_sm_fonts_links":"","footnotes":""},"_links":{"self":[{"href":"https:\/\/www.mellocation.fr\/als\/wp-json\/wp\/v2\/pages\/755"}],"collection":[{"href":"https:\/\/www.mellocation.fr\/als\/wp-json\/wp\/v2\/pages"}],"about":[{"href":"https:\/\/www.mellocation.fr\/als\/wp-json\/wp\/v2\/types\/page"}],"author":[{"embeddable":true,"href":"https:\/\/www.mellocation.fr\/als\/wp-json\/wp\/v2\/users\/1"}],"replies":[{"embeddable":true,"href":"https:\/\/www.mellocation.fr\/als\/wp-json\/wp\/v2\/comments?post=755"}],"version-history":[{"count":4,"href":"https:\/\/www.mellocation.fr\/als\/wp-json\/wp\/v2\/pages\/755\/revisions"}],"predecessor-version":[{"id":761,"href":"https:\/\/www.mellocation.fr\/als\/wp-json\/wp\/v2\/pages\/755\/revisions\/761"}],"wp:attachment":[{"href":"https:\/\/www.mellocation.fr\/als\/wp-json\/wp\/v2\/media?parent=755"}],"curies":[{"name":"wp","href":"https:\/\/api.w.org\/{rel}","templated":true}]}}